et w(o) = o**3 + 5*o**2 - 4*o + 3. Let a be w(-6). Is (-4)/f + (-7995)/a a prime number?
False
Let m = -92935 - -160038. Is m composite?
False
Let j(n) = -17*n**2 + 9*n + 1. Let p be j(-7). Let l = p - -1389. Suppose -2*g = -y + 173, 5*g + 28 = 3*y - l. Is y a composite number?
False
Let j(q) = 2*q**2 - 15*q - 29. Let b be j(-3). Suppose -19*p - 31425 = -b*p. Is p prime?
False
Suppose 0 = -h + 2*l + 6, h + 2*h - 4*l = 18. Let g be 1/((6/5459)/h). Suppose 5*b = 4*p - g, 0*b + 2*b = -p + 1355. Is p a prime number?
True
Let i(f) = -f**2 - 15*f + 22. Let v be i(-16). Suppose c - v*c + 6705 = 5*u, -3*c - 6721 = -5*u. Is u composite?
True
Let h be 5 + ((-20)/6)/(24/36). Suppose 4*r - i - 24129 = h, r - 24141 = -3*r - 3*i. Is r a composite number?
True
Let m(q) = -5*q - 4. Let t be m(0). Is (-35443)/t + (-28)/(-112) a prime number?
True
Suppose -3*m + 0*m = 5*z - 6683, -11093 = -5*m + 3*z. Suppose 0 = -3*b + 3*r - 6*r + 6678, -b + 4*r = -m. Suppose 62*g + b = 67*g. Is g a composite number?
True
Let b(t) = -80*t + 48. Let l be b(-16). Suppose -o = -2*o - 2*n + 329, 0 = 4*o - 4*n - l. Is o composite?
False
Suppose -6*a = -a - 3*n - 31, 2*a + 5*n = 0. Is (2 - 1 - a) + -9 + 10158 a prime number?
False
Is ((-491081)/5)/((-90)/450) a composite number?
False
Let p be 149508/20 + (-9)/(-15). Suppose -7*n + 1155 = -p. Is 1/(-5) - n/(-15) a composite number?
True
Let x = -833 - -2199. Let l = -327 + x. Is l a prime number?
True
Suppose -20*q + 74063 + 5957 = 0. Let x = q + 298. Is x prime?
False
Suppose 3*z = 6*z. Suppose z = l + 72 + 594. Is 3 - 2 - (5 + l) a composite number?
True
Let m(f) = f**2 + 2*f - 12. Let p be m(-5). Suppose 3*q + 27 = 12*q. Suppose -p*k + 6144 = -5*l, 0*l + q*l = -k + 2062. Is k a composite number?
False
Suppose 0 = 4*p + h + 3, -3*h + 5 + 2 = -4*p. Let m(n) = -3*n**2 + 1. Let j be m(p). Is j - 422/(8/(-4)) composite?
True
Suppose 0 = 3*a - 3, 7*a = -5*c + 11*a + 201991. Is c composite?
True
Suppose -18 = -3*b, -b = 2*f - 3*b - 321794. Is f a prime number?
True
Let s(b) = 11*b + 1. Let i be s(-14). Let u = 64 - i. Suppose -w + 4*f + 75 = 0, 4*f + 35 = 4*w - u. Is w a composite number?
False
Is 26/39*(-2131263)/(-2) a composite number?
True
Let a = 61 + -101. Let z = a + 46. Is 339 + 3/(z/(-4)) a composite number?
False
Let h be (0 + -1)/(16/(-90976)). Suppose h = -23*k + 105483. Is k a prime number?
True
Let z(o) be the third derivative of 115*o**4/24 - 22*o**3/3 + 4*o**2 + 3*o. Is z(21) prime?
True
Let l(o) be the third derivative of -11*o**6/20 + o**5/20 + o**4/4 + 5*o**3/3 - 12*o**2 - 5*o. Is l(-3) prime?
True
Is (11 - 1) + 128321 + -58 a prime number?
True
Suppose -154 = -76*t + 65*t. Is 15 - t - (-1928 - 2) a composite number?
False
Let d = 240246 - 20813. Is d composite?
False
Suppose -2*j - h + 3 = 0, 3*j - 4*j - 1 = 3*h. Suppose 4*s + 3*x - 82 = 0, j*s - 7*s + 4*x + 87 = 0. Let o(y) = 164*y - 39. Is o(s) a prime number?
False
Suppose 10*h = -17852 + 71992. Suppose 3*k = h + 679. Is k a prime number?
False
Let k(l) be the first derivative of -2657*l**2/2 + 34*l - 93. Is k(-5) a composite number?
True
Let c = 206 + -563. Let p = -38 - c. Is p prime?
False
Suppose -h - 6*u + 3*u + 261 = 0, -2*u + 8 = 0. Let s = -2014 + 2014. Suppose 979 = p + f - h, s = -4*p + 2*f + 4918. Is p composite?
False
Let a(w) = 422*w + 9. Let o(l) = 5*l + 20. Let g be o(-4). Suppose -t - u + 3 = g, -5*t = 4*u - 0*u - 14. Is a(t) prime?
True
Let t(q) = 50440*q - 3611. Is t(12) composite?
False
Let p(r) = 4*r**3 - 4*r**2 - 5*r - 3. Let n be p(-3). Let j = 4545 + -4622. Let i = j - n. Is i a composite number?
True
Is (-15)/15*-6697 + (-1 - -5) a prime number?
True
Suppose -39*r = -32*r + 61110. Let x = -1097 - r. Is x a prime number?
False
Let h(f) be the second derivative of 113*f**4/6 - f**3/6 - 3*f**2 + 67*f. Is h(5) a prime number?
True
Suppose -4*v - 5*p + 60201 - 14708 = 0, -5*v + 56855 = 4*p. Suppose 2*m - 6943 = v. Is m prime?
False
Let d(r) = r**3 + 7*r**2 + 7*r + 14. Let h be d(-6). Let k be (16/(-20))/(-1*h/100). Is (17540/50)/(4/k) composite?
False
Let c(g) be the first derivative of -2675*g**2 - 21*g - 197. Is c(-7) a composite number?
True
Let d = 326861 + -122832. Is d composite?
True
Let t = -67397 + 889528. Is t composite?
False
Let u be 1745*((-4)/(-12) - (-8)/30). Suppose -u = -4*v + 9773. Is v a composite number?
True
Let d = 365 - 1599. Let m = 2277 + d. Is m a composite number?
True
Let c = 3891055 + -2755728. Is c prime?
True
Let l = 46 - 43. Suppose -5 = j - 1, l*s + 5*j = 370. Let d = 269 - s. Is d composite?
False
Suppose -1414 - 6100 = -17*l. Suppose -440*z - 13954 = -l*z. Is z a composite number?
False
Is 194/1067 + 35019627/33 a prime number?
False
Suppose 3*x = -3*i - 18, 0 = -4*x + 2*x - 5*i - 18. Is -485*(0 + 3 + x) a composite number?
True
Let g(c) = c**2 + 4*c**2 + 18 - 16*c + 3*c**2 + 35 + 2*c**2. Is g(-15) composite?
False
Let t = 6059 + 8686. Let k be 6*-1*t/(-90). Let p = k + -636. Is p a composite number?
False
Suppose -14 + 13 = -h, -4*o - h = -394389. Is o prime?
True
Suppose 2*t - 7 = 4*q + 5, -t + 16 = -4*q. Is (-16)/40 + (-2597)/q composite?
True
Suppose -5*r - 30 = 0, -56869 = -227*a + 222*a + 4*r. Is a prime?
True
Suppose 2*q = 2*t - 19864, 5*q + 20354 = 3*t - 29296. Let k = q - -18850. Is k composite?
False
Let y = 52 + -56. Let i be 1*y*45/(-20). Is (-2868)/(-9) - 15/i a prime number?
True
Suppose -2*x = -30*t + 2*x + 191698, 5*t + 3*x = 31924. Is t a composite number?
False
Let k be 120/(-48)*12/(-10). Suppose k*v + 30541 = 5*h, -3*h - v - 6109 = -4*h. Is h prime?
False
Let o = 86 + -92. Let j(b) = -379*b - 109. Is j(o) prime?
False
Is (23 - (1 - -9)) + 7814 a prime number?
False
Let m(g) = 27362*g + 3921. Is m(19) composite?
True
Let q(s) = s**3 + 7*s**2 + 6*s + 4. Let t be q(-6). Let w = 2995 + -1425. Suppose 3*u = -5*d + w, t + 6 = -2*u. Is d prime?
True
Let d = 15543 + 4305. Let n = d - -13439. Is n prime?
True
Let c(b) = -3*b**2 - 33*b + 1. Let a be c(-10). Let f(h) = 11*h + 290. Is f(a) composite?
False
Suppose 3*f - 8962 = 1391. Let n = f + -2090. Is n a prime number?
True
Let o(l) = 443*l - 55. Is o(16) a prime number?
False
Suppose a = 14*a - 1131. Let j = a - -2656. Is j prime?
False
Let j(r) be the third derivative of 19*r**5/60 - r**4/12 - 5*r**3/6 - r**2. Suppose -51*z = 114 + 90. Is j(z) a composite number?
False
Let o(z) = -2*z**3 + 6*z**2 + 7*z. Let v be o(5). Let g = -62 - v. Suppose 5*i - 28 = g*i. Is i a composite number?
True
Let u(m) = -8*m**2 + 16*m - 85. Let b(n) = 14*n**2 - 32*n + 170. Let l(w) = -4*b(w) - 9*u(w). Is l(19) a prime number?
True
Is (22622/(-3))/((-98)/(-126) - 1) composite?
True
Let n(k) be the third derivative of k**5/60 + k**4/24 + 31*k**3/6 - 364*k**2 + 1. Let v be (2*9)/((-1)/1). Is n(v) composite?
False
Let m = 320 - 318. Is 7741/(2/m*1) a prime number?
True
Suppose 3*j + 39089 = -2*a, -a + 52152 = -4*j + 3*a. Let q = -23836 - j. Is (-10)/35 - q/7 a composite number?
False
Let i(j) = -2705*j + 2719. Is i(-8) prime?
True
Suppose -y = -3*q + 983945, -6*q + 1967834 = 7*y - 2*y. Is q a composite number?
False
Let f(s) = s**2 - 5*s - 4. Let a(n) = 5*n + 3. Let k = 16 - 10. Let g(z) = k*f(z) + 5*a(z). Is g(-8) composite?
True
Let a(m) = 1636*m**2 + 7*m - 6. Let h be (31/186)/((-1)/(-6)). Is a(h) a composite number?
False
Suppose -5*o = -2*f - 89726, 0 = -f - 1 - 2. Suppose -m + 5982 = -a, -6*a = 3*m - 7*a - o. Is m a prime number?
True
Suppose -124*r + 5659220 = 16*r. Is r composite?
False
Let b = 37170 + -3491. Is b a composite number?
False
Suppose 832*a - 417*a - 303124 = 413*a. Is a prime?
False
Let x(n) = -94*n - 127. Let y(q) = -63*q - 85. Let p(d) = 5*x(d) - 8*y(d). Is p(6) prime?
False
Let n = -642 + 641. Is (-2)/n*3663/66 prime?
False
Let b = -704 + 95. Let r(s) = s**3 + 14*s**2 + 3*s - 2. Let o be r(-15). Let x = o - b. Is x a prime number?
True
Let k be (21/6)/((-2)/4)*-1. Suppose -923 = 6*o - k*o. Is o prime?
False
Let w(y) = -2*y**2 + 8*y - 11. Let m be w(2). Is ((135885/(-12))/(-5))/(m/(-12)) a composite number?
False
Is (-8)/(-12) - 29*-10954*(-8)/(-48) prime?
False
Suppose 7*t = -t + 16. Is 1965/1 + t + 1 + -7 prime?
False
Suppose 9*k + 28 = 16*k. Suppose -8 = -k*b, -584 = -4*h + 5*b - 22. Is h composite?
True
Let g(u) = -u**3 - 9*u**2 + 19*u - 10. 